))?
-33
What is -95 + (-4 - (15 - 45) - -18)?
-51
What is the value of -19 + 13 + -25 + (16 - (-13 + 13))?
-15
-6 + 20 + (13 + -20 - 9) - -45
43
What is the value of 22 - (-18 - -4) - (180 - 215)?
71
3 + -16 + (11 + 3 - (2 + 19))
-20
Evaluate -34 + -23 + 55 - 38.
-40
What is the value of (2 - 15 - -10) + 4 + -6 + 35?
30
Evaluate 284 - 338 - (-22 + 10).
-42
Evaluate 2 + -1 - (-288 - -300).
-11
(-8 - (-17 + 6) - -20) + -1
22
Calculate (-4 - (3 - (-43 - -25))) + -49.
-74
What is the value of (34 - 70) + 24 - (4 - 12) - -72?
68
What is the value of (11 - (26 - 11)) + 35 + -2 + -18 + 18?
29
Evaluate 160 - 188 - ((10 - 18) + 15).
-35
What is 9 + (4 - -9 - 14 - 11) + (-53 - -4)?
-52
Calculate -3 + -5 - (-21 + 4) - (-11 + 64 + -10).
-34
Calculate 18 + (2 + -3 - (44 + -66)).
39
What is the value of -17 - (11 + 9 + (10 - (16 + 1)))?
-30
-13 + 1 - (-23 + (54 - 40))
-3
Evaluate -14 + (-23 - -41) + -2 + 8.
10
-12 + (36 - 19 - 42)
-37
What is -2 - -5 - (-1 + 18) - (1930 - 1983)?
39
What is -21 - -3 - (-15 - -18)?
-21
Evaluate (-2993 - -2899) + (0 - (-1 - -4 - 4)).
-93
Evaluate -82 + (-18 - (42 + -25)) + 6.
-111
Calculate -18 + 2 + 21 + (-15 - 0) + (31 - -1).
22
Evaluate 36 + (-13 - (-33 - -26)).
30
Calculate -353 + 354 - (-4 - -5 - 12).
12
12 + (-10 - -4 - 14) + -10 + 2
-16
82 - (-17 + 134) - -22
-13
(-12 - (16 + -11) - (-4 + -4)) + (-1 - -40)
30
What is -25 + -23 + (26 + -19 - -26)?
-15
-959 + 944 + (5 + 0 - -6)
-4
What is the value of -23 + 191 + -99 + -138?
-69
What is (4 + (-10 - -7) - -93) + -11 + 12 + 3?
98
Evaluate -4 + -43 + 108 + (-2 - -9) - -17.
85
Evaluate 2 + -12 + 8 - (-3 + (13 - (14 - 10))).
-8
What is the value of -10 - (52 - 94) - 53?
-21
What is the value of 3 - 1 - (-17 - -27) - (-3 + 47 + -8)?
-44
38 + (-28 - (-11 + (-31 - -19)))
33
What is the value of -33 + 13 + (42 - -19)?
41
Evaluate -37 + (48 - (-108 - -20)).
99
What is 7 + (-136 - -84 - (-3 - (-12 + (-2 - -4))))?
-52
What is 37 + -9 + (9 - (-102 + 86 - (-2 + -9)))?
42
11 - (4 - (9 + -4)) - (545 + -532)
-1
What is the value of 33 + -105 + 77 - (25 + -1)?
-19
What is -10 + (-15 + 16 - -13) + (36 - 0)?
40
What is the value of (32 - (5 + -5)) + (-23 - -27) + -19?
17
What is the value of 1 + -3 + -4 - ((1 - (-16 + -5)) + -21)?
-7
What is the value of (16 - 6) + -5 + -18 + -9?
-22
Calculate (3 + 1 - 7 - -19) + (16 - (-30 + 36)).
26
What is (-2 + -6 + 6 - 12) + 9 + 2 - 2?
-5
What is 118 + -12 + 18 - (-14 + 40 + -16)?
114
What is the value of -56 - (-195 - -37) - 49?
53
-26 + 17 + (-24 - 3) + (-1 - -20)
-17
(2 - 1) + -12 + (143 + -125 - (2 - 10))
15
-21 + (20 + -18 - 21 - -13)
-27
What is the value of -7 + -1 + (-22 + -1 + 0 - (-3352 - -3391))?
-70
Calculate (-38 - -19) + 1 + -25.
-43
Evaluate -6 + -10 + 36 + -22 - (-67 - 0).
65
What is the value of (120 - 69) + -14 - (0 - -150)?
-113
What is 6 - ((4 - 4 - 1) + 3 + -35)?
39
What is -6 - -4 - (-26 + 20) - 15 - -6?
-5
What is 87 - (-13 + 7 - -20) - (2 - -10 - 6)?
67
-24 + -3 - 6 - (329 + -348)
-14
What is the value of 12 + 102 + -105 + -2 + -4 + -23?
-20
Evaluate (6 - 63 - -6) + 69.
18
-22 - (11 - 23) - (-74 + -4)
68
Calculate -3 + -9 - (0 - ((-30 - -13) + 11)).
-18
120 + (-26 - (-19 - (-28 - -28)) - (-13 - 1))
127
76 - ((-59 - -69) + (1 - -4) + -7)
68
Evaluate -7 + (6 - -8) - 0 - 11.
-4
Evaluate (8 - (4 + 0)) + 31 - (21 + -11 + -1).
26
Calculate -27 + 7 + -5 + 29 + 42.
46
Evaluate -5 + (1 - -6) - ((1 - 2) + (21 - 10)).
-8
What is (-17 - (1 - 2)) + (359 - 353) - (0 + 60)?
-70
What is the value of (5 - (-44 + 4)) + (-4 - (-10 + 11 - -4))?
36
-14 + 5 + -5 + 9 - (-4 + -26)
25
Evaluate (-12 + (-23 - -3) - -15) + 110 + -5 + -1.
87
Evaluate (19 - 20) + 51 - 21.
29
What is (6 - 9) + -6 - (-12 + (8 - -2))?
-7
What is (10 - (-50 + 4)) + 33 + 1 + -55?
35
Calculate -34 - (40 - 133) - 13.
46
Evaluate -36 + (-3 - -31 - -91) + -25.
58
(60 + 3 - (-8 + (-33 - -38))) + 10
76
Evaluate (1 - -9 - (17 - 16)) + -38 + 4 + 2.
-23
What is the value of 95 + 45 + (-53 - -22)?
109
61 - 19 - (-105 + 162)
-15
-4 + 6 - (12 + 16)
-26
65 + -57 + -1 + -36 + 1
-28
Evaluate (-10 - 3 - 12) + 80 + -51.
4
Evaluate -11 - 1 - (-822 + 797).
13
Calculate 5 + (-53 - -74) - (10 - -1).
15
Evaluate (14 - -1 - (-301 + 307)) + (8 - 1) + 5.
21
What is the value of 62 - (-4 - -18) - (41 - 62)?
69
2 - 1 - 14 - (512 - (-308 + 822))
-11
What is the value of (8 - 9) + 45 - -3 - 17?
30
Evaluate 49 - (-8 - (1 + -5)) - -26.
79
What is the value of -40 - (-19 - -8 - (-2 - 3) - (3 + -16))?
-47
(15 - (-10 - (10 + -29))) + -17 + 36 + -2
23
Evaluate (5 + 39 - 25) + -41.
-22
Evaluate (-109 - -37 - -25) + -8.
-55
What is -152 + 153 + 1 + 3 + -4?
1
Calculate (-3 - 2) + 10 + -12 - (-15 + 13).
-5
What is the value of 111 - (613 + -652 - (-21 - 1) - (-4 - 2))?
122
(-4 - -5) + -5 + 3 + 61 - (-241 - -244)
57
0 + 1 + -56 + -17 + 30 + -5
-47
What is -80 - -109 - 65 - 22?
-58
7 + -25 + (53 - -7) + -15
27
What is the value of -61 + (16 - 45 - 10 - -15)?
-85
What is -13 + (-6 + 19 - 48) + 0 + 10?
-38
What is (-115 + 88 - -131) + -71?
33
Evaluate 66 + -107 + 48 - (10 + (3 - 2)).
-4
Calculate 41 - (25 + (-34 - -4)).
46
(2 - (5 - (17 + -22))) + -2
-10
-47 + 80 + -74 + (-11 - ((-3 - -8) + -8))
-49
What is 23 - (-26 + (-30 - -4) + 53)?
22
Evaluate -43 - (0 + -33 + 19).
-29
-31 + -30 - (4 - (1 + 23))
-41
What is (-22 - -14) + -25 - 21 - 47?
-101
Evaluate (-63 - (20 - -8 - -3)) + 1 + 1.
-92
What is (-4 + -1 - -3) + (-16 - (-10 - 52))?
44
Evaluate (13 - 13 - 55) + 13 + 5.
-37
Calculate -4 + -5 - (160 + -179) - -38.
48
Calculate (89 - -101) + -100 + -62.
28
Calculate (-16 - (-33 + 20)) + 3 + (-7 - 37).
-44
Evaluate -67 + (-1 - 4) + 5 - (-5 + 31 + -33).
-60
(24 - 22) + 17 + 20 + -20 + -3 + -7
9
What is -54 - (110 + -224 - 21)?
81
What is 15 - (48 + 16 + -15) - (15 - 8)?
-41
What is the value of 1 + 10 + (6 - (-3 + (-2 - -15) - 4))?
11
What is (-6 + -3 + 2 - (-19 + 19)) + 15 - 29?
-21
What is the value of -43 - (-11 + 8 + -52)?
12
What is (-1 - -14) + (-1 - -3 - (-1635 + 1659))?
-9
Calculate (15 + (-9 - -13) - (2 + 6)) + -7.
4
What is -27 - (27 - 62) - (-15 + 48)?
-25
Calculate 4 + (-6 + 7 + -12 - -13) - (2 + -11).
15
Calculate (-105 + 338 - 114) + -227.
-108
-1 + -140 - -13 - -66
-62
What is 35 + (26 - (26 - 35 - -26))?
44
What is the value of 35 + -1 - (-205 - (-165 + -37))?
37
Calculate 1 + -17 - (-1 - (-7 + 11 + -18)).
-29
Evaluate -47 + 24 + 12 - (-1 - (-4 + -60)).
-74
-18 - 3 - (-10 + (18 - -1) + -13)
-17
Calculate -81 + 12 + 111 - 74.
-32
Calculate 92 + (9 - (-20 + (7 - -2) + 15)) + -10.
87
What is the value of -329 + 611 + -302 + 19 + -1?
-2
54 - (-13 - (46 - 99))
14
Evaluate 40 - (40 - 28) - 20.
8
What is the value of -39 - (7 - 1 - 4) - 4 - (20 + -18)?
-47
Calculate -17 - (-30 - 8 - -15) - (-18 - -5).
19
Calculate 53 + -109 - (5 + -3).
-58
33 + (-46 - (53 + -83))
17
(16 - -4) + (5 + -11 - 4)
10
10 - (-18 - -11 - (-2 - -4 - (64 + -48)))
3
Evaluate -17 + 6 + -6 + 21 + -32.
-28
Evaluate -8 + (-44 - (55 + -157)).
50
Evaluate (-73 - -204) + -171 - (-2 + (1 - 0) + 5).
-44
What is -67 - (-23 - (42 - -24))?
22
What is the value of -27 + -8 + -16 + (-1 - 0 - (2 - 11))?
-43
What is the value of -1 + (3 + 1 + (20 - 12) - (0 + 4))?
7
What is 21 + 89 + -57 - 36?
17
Evaluate 1 - 44 - (55 + -65 - (2 - 13)) - 8.
-52
What is 10 + (5 - (10 - (9 - 8) - -2)) + 38?
42
-603 - -599 - (1 + 3 + -2 + 9 + -9)
-6
Evaluate -13 + (-10 + 6 + 12 - (-3 - (-22 + 3))).
-21
Calculate (12 - -38) + -56 - (-67 + -5).
66
1 + (8 - (14 - 0 - (-147 + 152)))
0
What is the value of 27 + (9 - 10) - 32?
-6
Evaluate -78 - (-65 - (50 + -59)).
-22
What is 26 + -24 + 33 + -57?
-22
Evaluate 22 + -25 + (2 - (7 + -1)) + (32 - -6).
31
What is the value of 1 - -76 - ((1 - -30) + 3644 + -3682)?
84
What is (20 - (10 + 20)) + (49 - 6) + -26?
7
102 - ((-46 - (42 + -51)) + 30)
109
What is the value of (-4 - -4 - (5 + -10)) + (-12 - 4 - -20)?
9
What is -69 - -47 - (-41 - -44)?
-25
What is 1 + 65 + (143 - 8) + -111?
90
What is -12 - 0 - (3963 + -3909)?
-66
-21 - (10 + 2 - 38) - -57
62
-37 + -2 - -20 - -38
19
Calculate -10 - ((-618 - -603) + -32 + 1).
36
What is -11 - (0 - -1 - (-36 + 16 + 39))?
7
Calculate -3 - (-1 + -3 - (-30 + (19 - -34) + -30)).
-6
What is the value of 47 + (-1 - -11 - (-50 - (0 + -61)))?
46
Evaluate -103 + 91 - (-44 - (0 + 2 + -6)).
28
What is (7 - -48 -